(n) = 25*n - 5. What are the prime factors of q(2)?
3, 5
Suppose -2*p + 0*p = -5*t - 83, -4*t - p - 69 = 0. Let w = -32 - t. List the prime factors of (-2)/4 + w/(-6).
2
Let p(n) = -2*n**2 - n + 18. Let m be 3 + (-2 + 5)*-1. List the prime factors of p(m).
2, 3
Suppose -2*y - 5 = 3. What are the prime factors of (-90)/(-21) - y/(-14)?
2
Suppose -10*i + 198 + 282 = 0. List the prime factors of i.
2, 3
Suppose -1 = -3*o + 5. Suppose -o*s - 211 = -3*y - 3*s, -3*y = -3*s - 207. Suppose 5*d + 5*c - y = 0, -2*d + 23 = -3*c + 4*c. What are the prime factors of d?
3
Suppose -5*b + 105 = 2*o, -5*b = 3*o + o - 195. Suppose -4*q + 45 = 5*t, 4*q + o = t + 12. List the prime factors of t.
13
Let v be (4/6)/((-1)/(-9)). Suppose 2*s - v = -0. Suppose n = -s*n + 16. What are the prime factors of n?
2
Suppose -25*j = -28*j + 123. List the prime factors of j.
41
Suppose -h = 2*h - 18. Suppose 0 = -i + 40 - 38. Suppose h*m - 64 = i*m. List the prime factors of m.
2
Suppose 28 = 2*t + 2*o, -t = o + 3*o - 5. Let n = -9 + t. List the prime factors of n.
2
Let h be (-3 - (-1 + -1)) + 3. Let j be (1 - h)*(-1 + -4). Suppose -2*t - 5 = j*x, t - 3*x = -3*t + 29. What are the prime factors of t?
5
List the prime factors of (-3 + -2)*(5 + -24).
5, 19
Let y(l) = 14 + 2*l - 5*l + 2*l. Let v be y(0). Suppose v = 3*o - o. List the prime factors of o.
7
Suppose -35 = -3*j - 4*g, 3*g + 2 = 4*j - 3. What are the prime factors of j?
5
List the prime factors of 4/(-10) + 508/20.
5
Let x(r) = -r - 4. Let q be x(-7). Suppose 2*o - 13 = q. List the prime factors of o.
2
Let r(n) = -n + 2. Let o = -14 + 14. List the prime factors of r(o).
2
Let g(b) = -2*b**2 - 5*b + 3. Let k be g(-5). Let p be k/(-6) - 2/3. Suppose 71 = p*a + 2*a - 4*d, a = -4*d - 5. What are the prime factors of a?
11
Suppose 4*u - 7 = v, -37 = -2*u - 2*u - 5*v. Let h(c) = 4*c - 2. Let y be h(7). Suppose 0 = -u*n + 1 + y. What are the prime factors of n?
3
Let m = 10 - -6. What are the prime factors of m?
2
Let b be 4/12 + (-16)/(-6). Let a = 4 + -3. What are the prime factors of 0 - a*(-2 - b)?
5
Let f(o) = o - 4. Let s be f(6). Let u be -10*s/(-4) + -2. Suppose 0 = -5*z + 2*m + 59, m = 2*z - u*z + 9. List the prime factors of z.
11
Let j = -7 - -14. Suppose 5 = 5*l, -3*a - 3*l = -j*a + 61. List the prime factors of a.
2
Let m(b) = -b**3 + b**2 + 2*b + 6. What are the prime factors of m(0)?
2, 3
Let a(k) = -4*k**3 - 3*k - 5. What are the prime factors of a(-2)?
3, 11
Let n = -235 + 464. List the prime factors of n.
229
Suppose -g + 119 + 122 = -3*v, -2*v - 155 = 5*g. Let n be v/(-44) - 2/(-11). Suppose -n - 3 = -f. What are the prime factors of f?
5
Suppose 3*o - 264 = -v, 3*o - 261 = 2*v - 4*v. List the prime factors of o.
89
Let h = 14 - 19. Let c = h + 37. What are the prime factors of c?
2
Suppose 5*k = 336 + 954. What are the prime factors of k?
2, 3, 43
Suppose 2*c - 3*l + 3 = 0, -4*c - 4*l = -l - 21. Let q be 6/18 + 5/c. Suppose 4*y = q*y + 38. What are the prime factors of y?
19
Let m(u) = 5*u - 7. Let h be m(-4). Suppose -2*k - 35 = 45. Let t = h - k. List the prime factors of t.
13
Suppose 9 = 4*x - 15. Let p(n) = n**2 - 5*n + 6. List the prime factors of p(x).
2, 3
Suppose -2*w - 5*o = -161, o + 128 = -3*w + 389. List the prime factors of w.
2, 11
Let p(h) = -11*h**3 + h**2. Let i(u) = u**3 + u**2 + 2*u + 1. Let j be i(-1). What are the prime factors of p(j)?
2, 3
Let w(p) = p**2 + p - 1. Let g be w(0). Let t = g - -4. What are the prime factors of (0 + t)/((-6)/(-8))?
2
Let x(m) = -6*m - 67. List the prime factors of x(-12).
5
Let o(w) = w**2 - w + 1. Let l be o(2). Let r be (-2)/(-3) - (-112)/3. Suppose l*p = -5*j + 32, p + 3*p - r = -2*j. List the prime factors of p.
3
Suppose -2*y - 5*v = -42, 20 + 26 = 3*y - v. Suppose 20 = -5*b + 2*f, -b - 3*f - y = 5. Let r(p) = -p**2 - 8*p + 4. List the prime factors of r(b).
2
Let l = 19 - 12. Let m(k) be the second derivative of -k**4/12 + 7*k**3/6 + 3*k**2/2 + k. What are the prime factors of m(l)?
3
Suppose 0 = -b + 65. List the prime factors of b.
5, 13
Suppose 5*l - 225 - 381 = -3*t, -3*t - l + 618 = 0. What are the prime factors of t?
3, 23
Suppose 9 = -5*x + 5*i - 1, 2*x = 3*i - 8. Suppose 5*h = x + 13. What are the prime factors of h?
3
Let h(v) = 5*v - 1. Let n be h(2). Suppose u = 2*u - n. Let m = 22 - u. List the prime factors of m.
13
Let h = 485 - 166. What are the prime factors of h?
11, 29
Let h(p) = -2*p**2 + 71*p - 61. What are the prime factors of h(31)?
2, 109
Suppose 5*x = -3*a + 934, -2*x = 4*a - 2*a - 372. What are the prime factors of x?
2, 47
Suppose -3*n + 5 = j - 4, -3*n + 6 = 0. Let z(l) = 2*l**2 - l + 2. Let k be z(1). Suppose 12 = p + j*p, -k*m + p = -3. List the prime factors of m.
2
Let c = 70 - 34. Suppose -c = -3*s - s. What are the prime factors of s?
3
Let a = 383 - 146. What are the prime factors of a?
3, 79
Suppose 2*a + 3*a = 10. Suppose -a*d = -d - 3. What are the prime factors of d + (2 - (-2 - -3))?
2
Suppose g = 5*g - 84. Suppose 7*b = 4*b + g. What are the prime factors of b?
7
Let n be -1*(2/(-2) - 3). Let c(o) = o**3 + 6 - o - n - o. What are the prime factors of c(2)?
2, 3
Let v(l) = -8*l - 2. Let a be v(-1). Suppose a*q - 7*q = -33. List the prime factors of q.
3, 11
Let h be ((-12)/9)/(3/9). Let y = 20 + h. What are the prime factors of y?
2
Suppose 4*j + 5*o = -19, 2*o - 14 = 4*j - 2*j. Let u = 9 + j. List the prime factors of u.
3
Let d(m) = -m + 61. List the prime factors of d(-17).
2, 3, 13
Let t be ((-8)/10)/(4/(-10)). Suppose 0 = -t*x + 9 + 11. What are the prime factors of x?
2, 5
Suppose 2*n = 8 - 0. Suppose 2*a = n*a - 16. List the prime factors of a.
2
Let m(g) = -g + 21. List the prime factors of m(8).
13
Suppose 3*r - 2 + 6 = -2*o, r = -4. Suppose 12 = 3*u, 0 = o*i - 3*u + 18 - 6. What are the prime factors of i + (18/2)/3?
3
Let i(y) = y**2 + y. Let b be i(-2). Suppose -2 = 2*m + b*d + 10, 0 = 4*m - d + 14. Let u = 2 - m. What are the prime factors of u?
2, 3
Suppose -u = u - 32. Suppose 0 = 2*j + 32 + u. Let s = -16 - j. What are the prime factors of s?
2
Let w be ((-16)/10)/((-4)/30). Let v be -1*(2 - 1) + -3. Let p = v + w. What are the prime factors of p?
2
Let a(g) = -2*g + 4. Let t be a(5). Let f be 4/(-6) + (-4)/t. Suppose f = y - 2*y + 3. List the prime factors of y.
3
Let z be (-1 - 2/(-2))/(-2). Let k = 2 - z. List the prime factors of k.
2
Suppose 3*h - 12 = 3*v, 4*h + 6 = 5*v + 24. Let m = 107 - 103. Let p = m + v. What are the prime factors of p?
2
Suppose -q = -4*t + 156, -92 = t - 3*t - 3*q. What are the prime factors of t?
2, 5
Suppose -5*v - 11*v + 560 = 0. Suppose 2*w = -w - 9, 3*w = -q + 18. Suppose -4*r + 1 + q = -z, 5*r - 5*z = v. List the prime factors of r.
7
Let s be ((-2)/(-1) - 2)/(-2). List the prime factors of (-4)/(2/(-2) + s).
2
Suppose 0 = 4*b - b, -4*n + 140 = b. What are the prime factors of n?
5, 7
Let k(v) = v**2 + 1. Let i(a) = 9*a**2 - 4. Let g(b) = i(b) + 5*k(b). Let w be (-1)/(1 + 3)*-4. List the prime factors of g(w).
3, 5
Let s(m) = m**3 - 2*m**2 - 6*m + 3. Let z be s(4). Suppose -z = -5*i + 19. List the prime factors of i.
2, 3
Let l be (-1337)/63 + (-4)/(-18). Let t = -5 - l. List the prime factors of t.
2
Let v = -2 + 7. What are the prime factors of v?
5
Let i(p) = p**3 + 5*p**2 - p - 2. Let j be i(-5). Suppose -j*m + 0*k + 34 = 4*k, 3*m - k = 59. What are the prime factors of m?
2, 3
Let o(y) = 3*y - 1. What are the prime factors of o(20)?
59
Suppose 0*i + 5*k = 2*i - 10, -4*i = -4*k + 4. What are the prime factors of -14*(-2)/(-4)*i?
5, 7
List the prime factors of (-207)/4*(-16)/6.
2, 3, 23
Suppose 0 = -4*t + 2*t + 6. Suppose 44 = -t*m - m. What are the prime factors of (1 - m)*2/2?
2, 3
List the prime factors of ((-72)/96)/(1*1/(-276)).
3, 23
Let y(c) = -9*c**3. Let i be y(-1). What are the prime factors of (1 - i/3) + 19?
17
Let w = 3 - -2. Suppose -w*c = -3*z + 27, -2*c - z = -3*z + 14. Let k(i) = -2*i - 4. What are the prime factors of k(c)?
2
Let l(g) = g**3 - 4*g**2 - 4*g + 6. Let s(o) = o + 4. Let p be s(-7). Let w = 2 - p. List the prime factors of l(w).
11
Let f(m) = -2*m - 3. Let a be f(-9). Let b = 22 - a. List the prime factors of b.
7
Suppose 29*w - 30*w + 52 = 0. What are the prime factors of w?
2, 13
Let b(c) = 292*c - 3. List the prime